me factors of 2481?
3, 827
What are the prime factors of 6951?
3, 7, 331
What are the prime factors of 32838?
2, 3, 13, 421
What are the prime factors of 9268?
2, 7, 331
What are the prime factors of 46061?
46061
List the prime factors of 53494.
2, 7, 3821
What are the prime factors of 18984?
2, 3, 7, 113
What are the prime factors of 28446?
2, 3, 11, 431
List the prime factors of 5051.
5051
What are the prime factors of 783?
3, 29
What are the prime factors of 1523?
1523
What are the prime factors of 59125?
5, 11, 43
What are the prime factors of 45541?
45541
List the prime factors of 3503.
31, 113
List the prime factors of 115275.
3, 5, 29, 53
List the prime factors of 4534.
2, 2267
List the prime factors of 122.
2, 61
What are the prime factors of 719?
719
List the prime factors of 24279.
3, 8093
List the prime factors of 7586.
2, 3793
What are the prime factors of 3911?
3911
What are the prime factors of 4126?
2, 2063
What are the prime factors of 67008?
2, 3, 349
What are the prime factors of 74241?
3, 73, 113
What are the prime factors of 2027?
2027
What are the prime factors of 39074?
2, 7, 2791
What are the prime factors of 71?
71
What are the prime factors of 77066?
2, 11, 31, 113
List the prime factors of 1989.
3, 13, 17
What are the prime factors of 11976?
2, 3, 499
What are the prime factors of 3076?
2, 769
List the prime factors of 4256.
2, 7, 19
List the prime factors of 159028.
2, 83, 479
List the prime factors of 18894.
2, 3, 47, 67
List the prime factors of 85937.
19, 4523
What are the prime factors of 10985?
5, 13
What are the prime factors of 4869?
3, 541
List the prime factors of 1662.
2, 3, 277
List the prime factors of 142093.
7, 53, 383
What are the prime factors of 32800?
2, 5, 41
List the prime factors of 49499.
49499
List the prime factors of 31068.
2, 3, 863
What are the prime factors of 9841?
13, 757
List the prime factors of 25834.
2, 12917
List the prime factors of 6656.
2, 13
List the prime factors of 182.
2, 7, 13
What are the prime factors of 10516?
2, 11, 239
What are the prime factors of 2307?
3, 769
What are the prime factors of 859?
859
List the prime factors of 20694.
2, 3, 3449
What are the prime factors of 38786?
2, 11, 41, 43
What are the prime factors of 20793?
3, 29, 239
What are the prime factors of 1664?
2, 13
List the prime factors of 64532.
2, 13, 17, 73
List the prime factors of 227.
227
What are the prime factors of 133?
7, 19
What are the prime factors of 53208?
2, 3, 739
List the prime factors of 4210.
2, 5, 421
What are the prime factors of 11836?
2, 11, 269
What are the prime factors of 796?
2, 199
What are the prime factors of 167?
167
What are the prime factors of 14054?
2, 7027
What are the prime factors of 12705?
3, 5, 7, 11
What are the prime factors of 12229?
7, 1747
What are the prime factors of 202?
2, 101
List the prime factors of 275.
5, 11
List the prime factors of 18369.
3, 13, 157
What are the prime factors of 28721?
7, 11, 373
What are the prime factors of 34141?
34141
List the prime factors of 35949.
3, 23, 521
What are the prime factors of 3751?
11, 31
What are the prime factors of 4231?
4231
What are the prime factors of 58081?
241
List the prime factors of 52255.
5, 7, 1493
List the prime factors of 15370.
2, 5, 29, 53
What are the prime factors of 6676?
2, 1669
What are the prime factors of 293?
293
List the prime factors of 109602.
2, 3, 6089
What are the prime factors of 2184?
2, 3, 7, 13
List the prime factors of 1933.
1933
List the prime factors of 124409.
47, 2647
List the prime factors of 10743.
3, 3581
What are the prime factors of 5805?
3, 5, 43
List the prime factors of 558.
2, 3, 31
List the prime factors of 30193.
109, 277
List the prime factors of 3223.
11, 293
List the prime factors of 14431.
14431
What are the prime factors of 8571?
3, 2857
What are the prime factors of 681?
3, 227
List the prime factors of 2046.
2, 3, 11, 31
List the prime factors of 287.
7, 41
What are the prime factors of 1271?
31, 41
What are the prime factors of 20021?
20021
List the prime factors of 7795.
5, 1559
What are the prime factors of 3853?
3853
List the prime factors of 22188.
2, 3, 43
List the prime factors of 2335.
5, 467
What are the prime factors of 890?
2, 5, 89
What are the prime factors of 4693?
13, 19
List the prime factors of 1866.
2, 3, 311
What are the prime factors of 27529?
27529
List the prime factors of 94485.
3, 5, 6299
List the prime factors of 3343.
3343
What are the prime factors of 112685?
5, 31, 727
List the prime factors of 22954.
2, 23, 499
List the prime factors of 247.
13, 19
What are the prime factors of 40523?
7, 827
What are the prime factors of 965?
5, 193
What are the prime factors of 613?
613
What are the prime factors of 12269?
12269
What are the prime factors of 3045?
3, 5, 7, 29
List the prime factors of 53316.
2, 3, 1481
List the prime factors of 1410.
2, 3, 5, 47
What are the prime factors of 5596?
2, 1399
What are the prime factors of 6962?
2, 59
List the prime factors of 3223.
11, 293
What are the prime factors of 23637?
3, 7879
List the prime factors of 13324.
2, 3331
List the prime factors of 4338.
2, 3, 241
List the prime factors of 44003.
79, 557
What are the prime factors of 1063?
1063
What are the prime factors of 255?
3, 5, 17
What are the prime factors of 37373?
7, 19, 281
List the prime factors of 108152.
2, 11, 1229
What are the prime factors of 2706?
2, 3, 11, 41
What are the prime factors of 1726?
2, 863
List the prime factors of 2008.
2, 251
What are the prime factors of 43816?
2, 5477
What are the prime factors of 26729?
26729
List the prime factors of 3325.
5, 7, 19
List the prime factors of 2076.
2, 3, 173
List the prime factors of 33991.
19, 1789
What are the prime factors of 33?
3, 11
List the prime factors of 2932.
2, 733
List the prime factors of 4094.
2, 23, 89
List the prime factors of 4572.
2, 3, 127
What are the prime factors of 23518?
2, 11, 1069
List the prime factors of 8518.
2, 4259
What are the prime factors of 19571?
19571
What are the prime factors of 9090?
2, 3, 5, 101
List the prime factors of 4134.
2, 3, 13, 53
What are the prime factors of 2771?
17, 163
List the prime factors of 39580.
2, 5, 1979
What are the prime factors of 45935?
5, 9187
What are the prime factors of 589?
19, 31
What are the prime factors of 506?
2, 11, 23
What are the prime factors of 5599?
11, 509
What are the prime factors of 677?
677
List the prime factors of 128689.
11, 11699
List the prime factors of 1421.
7, 29
What are the prime factors of 143348?
2, 35837
What are the prime factors of 79455?
3, 5, 5297
List the prime factors of 7786.
2, 17, 229
List the prime factors of 1889.
1889
What are the prime factors of 79125?
3, 5, 211
What are the prime factors of 2736?
2, 3, 19
What are the prime factors of 205188?
2, 3, 17099
What are the prime factors of 44725?
5, 1789
List the prime factors of 23342.
2, 11, 1061
List the prime factors of 91.
7, 13
What are the prime factors of 4353?
3, 1451
List the prime factors of 416.
2, 13
What are the prime factors of 602?
2, 7, 43
What are the prime factors of 4734?
2, 3, 263
What are the prime factors of 126634?
2, 63317
List the prime factors of 59099.
113, 523
What are the prime factors of 6307?
7, 17, 53
What are the prime factors of 13871?
11, 13, 97
What are the prime factors of 3272?
2, 409
List the prime factors of 17143.
7, 31, 79
What are the prime factors of 1894?
2, 947
List the prime factors of 54241.
11, 4931
List the prime factors of 43394.
2, 13, 1669
What are the prime factors of 43148?
2, 7, 23, 67
What are the prime factors of 2142?
2, 3, 7, 17
List the prime factors of 11939.
11939
What are the prime factors of 120?
2, 3, 5
What are the prime factors of 18959?
18959
List the prime factors of 34050.
2, 3, 5, 227
What are the prime factors of 550?
2, 5, 11
What are the prime factors of 5236?
2, 7, 11, 17
List the prime factors of 16803.
3, 1867
What are the prime factors of 57772?
2, 11, 13, 101
What are the prime factors of 1131?
3, 13, 29
List the prime factors of 13219.
13219
List the prime factors of 215.
5, 43
List the prime factors of 1014.
2, 3, 13
List the prime factors of 7184.
2, 449
List the prime factors of 17099.
17099
List the prime factors of 20505.
3, 5,